llions digit of 2262074439?
2
What is the ten millions digit of 440668802?
4
What is the thousands digit of 13160428?
0
What is the ten thousands digit of 195389074?
8
What is the ten thousands digit of 369402975?
0
What is the thousands digit of 1488435323?
5
What is the thousands digit of 361015347?
5
What is the ten thousands digit of 362014948?
1
What is the tens digit of 3552348111?
1
What is the billions digit of 2568329795?
2
What is the millions digit of 5755241019?
5
What is the units digit of 2229426487?
7
What is the thousands digit of 209689437?
9
What is the hundreds digit of 3213849?
8
What is the hundreds digit of 60225795?
7
What is the ten millions digit of 781770207?
8
What is the tens digit of 104047536?
3
What is the units digit of 406889808?
8
What is the hundreds digit of 29440774?
7
What is the millions digit of 1524616033?
4
What is the tens digit of 639123481?
8
What is the tens digit of 3559356793?
9
What is the millions digit of 410157205?
0
What is the hundred thousands digit of 37956659?
9
What is the tens digit of 157243262?
6
What is the hundred millions digit of 147838828?
1
What is the hundred thousands digit of 1898263600?
2
What is the units digit of 14071664?
4
What is the hundred millions digit of 144743075?
1
What is the ten millions digit of 52141230?
5
What is the millions digit of 45591193?
5
What is the ten thousands digit of 4489530842?
3
What is the hundreds digit of 34229543?
5
What is the units digit of 125324397?
7
What is the hundred thousands digit of 936337322?
3
What is the thousands digit of 40094142?
4
What is the tens digit of 821768584?
8
What is the ten thousands digit of 26328764?
2
What is the thousands digit of 65065547?
5
What is the millions digit of 226648089?
6
What is the hundreds digit of 824151469?
4
What is the millions digit of 210149997?
0
What is the ten thousands digit of 290909855?
0
What is the thousands digit of 221029714?
9
What is the ten thousands digit of 817288545?
8
What is the millions digit of 2003520808?
3
What is the millions digit of 1350724532?
0
What is the millions digit of 4355070966?
5
What is the ten millions digit of 107710394?
0
What is the hundred thousands digit of 20400933?
4
What is the thousands digit of 378745499?
5
What is the ten millions digit of 163034260?
6
What is the hundreds digit of 4493347902?
9
What is the ten millions digit of 225819852?
2
What is the units digit of 668538078?
8
What is the ten millions digit of 132672874?
3
What is the millions digit of 447110464?
7
What is the ten millions digit of 564522602?
6
What is the hundreds digit of 1434762467?
4
What is the thousands digit of 2699681037?
1
What is the thousands digit of 705778817?
8
What is the ten millions digit of 68051743?
6
What is the tens digit of 1378350871?
7
What is the millions digit of 144188069?
4
What is the ten millions digit of 45217652?
4
What is the hundreds digit of 5761405806?
8
What is the hundreds digit of 443951564?
5
What is the ten thousands digit of 1951083357?
8
What is the ten thousands digit of 22573468?
7
What is the ten millions digit of 120997439?
2
What is the thousands digit of 63433053?
3
What is the hundreds digit of 99652676?
6
What is the ten millions digit of 72087374?
7
What is the hundreds digit of 28980744?
7
What is the tens digit of 8089605?
0
What is the hundred millions digit of 8250217450?
2
What is the ten millions digit of 98271562?
9
What is the ten millions digit of 52740449?
5
What is the hundred thousands digit of 273513196?
5
What is the hundreds digit of 75674954?
9
What is the hundreds digit of 3036013074?
0
What is the hundred thousands digit of 881684353?
6
What is the ten thousands digit of 883648048?
4
What is the hundred thousands digit of 74149625?
1
What is the hundred thousands digit of 1822151326?
1
What is the ten thousands digit of 6185709145?
0
What is the millions digit of 60489250?
0
What is the thousands digit of 1835339475?
9
What is the ten thousands digit of 421868985?
6
What is the tens digit of 498906399?
9
What is the thousands digit of 47095746?
5
What is the ten thousands digit of 183441703?
4
What is the hundred thousands digit of 476800098?
8
What is the hundred thousands digit of 2484191679?
1
What is the ten thousands digit of 63586570?
8
What is the ten millions digit of 71577227?
7
What is the ten millions digit of 85015865?
8
What is the ten thousands digit of 1354588644?
8
What is the millions digit of 253063778?
3
What is the thousands digit of 237897330?
7
What is the hundred thousands digit of 272300718?
3
What is the units digit of 39638241?
1
What is the hundred thousands digit of 156147761?
1
What is the units digit of 346645835?
5
What is the hundred millions digit of 1424061662?
4
What is the ten thousands digit of 254592041?
9
What is the millions digit of 4073990226?
3
What is the tens digit of 51027497?
9
What is the thousands digit of 323230181?
0
What is the hundred millions digit of 382670911?
3
What is the units digit of 4336568734?
4
What is the tens digit of 2092934430?
3
What is the ten millions digit of 330043750?
3
What is the thousands digit of 306844076?
4
What is the ten thousands digit of 813203759?
0
What is the units digit of 185285064?
4
What is the thousands digit of 20982260?
2
What is the ten millions digit of 137773130?
3
What is the units digit of 30070237?
7
What is the hundred millions digit of 6002421931?
0
What is the hundreds digit of 171645521?
5
What is the hundreds digit of 27828707?
7
What is the hundreds digit of 72905203?
2
What is the ten millions digit of 609472166?
0
What is the tens digit of 4456159971?
7
What is the thousands digit of 508942941?
2
What is the ten thousands digit of 1105187695?
8
What is the thousands digit of 96761788?
1
What is the hundred thousands digit of 647307484?
3
What is the millions digit of 49828739?
9
What is the hundred thousands digit of 4564169?
5
What is the billions digit of 2263210822?
2
What is the ten millions digit of 360342678?
6
What is the hundred millions digit of 369633947?
3
What is the hundred thousands digit of 2145452733?
4
What is the ten millions digit of 44021789?
4
What is the ten thousands digit of 113603669?
0
What is the tens digit of 1436065942?
4
What is the thousands digit of 725763263?
3
What is the millions digit of 9778643?
9
What is the units digit of 624493113?
3
What is the hundreds digit of 409109588?
5
What is the thousands digit of 1260736827?
6
What is the thousands digit of 583483575?
3
What is the hundred thousands digit of 42152659?
1
What is the hundred thousands digit of 101844010?
8
What is the hundred thousands digit of 3855449452?
4
What is the ten millions digit of 1323937360?
2
What is the hundred thousands digit of 376663903?
6
What is the billions digit of 3190434321?
3
What is the thousands digit of 109495558?
5
What is the ten thousands digit of 246486812?
8
What is the tens digit of 50619800?
0
What is the tens digit of 4370241878?
7
What is the units digit of 97457400?
0
What is the units digit of 198349761?
1
What is the hundred thousands digit of 347912001?
9
What is the tens digit of 375268082?
8
What is the thousands digit of 173628668?
8
What is the millions digit of 350558103?
0
What is the hundred thousands digit of 4434931852?
9
What is the thousands digit of 60241044?
1
What is the millions digit of 300303054?
0
What is the billions digit of 1095539787?
1
What is the hundreds digit of 5172633069?
0
What is the hundred thousands digit of 15957456?
9
What is the millions digit of 666810098?
6
What is the ten thousands digit of 251688032?
8
What is the units digit of 310268082?
2
What is the hundreds digit of 463788606?
6
What is the units digit of 82528018?
8
What is the hundred thousands digit of 92681175?
6
What is the hundred millions digit of 2186362660?
1
What is the hundred thousands digit of 3776722131?
7
What is the hundreds digit of 1070758595?
5
What is the hundred thousands digit of 330901154?
9
What is the ten millions digit of 486475651?
8
What is the units digit of 26201580?
0
What is the ten thousands digit of 938589566?
8
What is the billions digit of 3433474849?
3
What is the hundreds digit of 447363155?
1
What is the tens digit of 